-1 - m) - -7?
7
Suppose -278 - 340 = -3*m. List the prime factors of m/6 - 2/6.
2, 17
Let t = 36 - 15. What are the prime factors of t?
3, 7
Let c = -4 - -7. Suppose 0*i = c*i - 33. What are the prime factors of i?
11
List the prime factors of 4/(-22) - (-2656)/88.
2, 3, 5
Let w = -19 - -83. List the prime factors of w.
2
Suppose 6*m = 2*m + 48. Suppose 1 = c - 1. Suppose c*j - m = -2*j. What are the prime factors of j?
3
Let w(o) = -4*o**3 + 2*o**2 + 2*o + 1. Let t(a) = a**3 + a**2 + 1. Let b be t(-2). Let f be -2*b/(-12)*2. List the prime factors of w(f).
5
Let h = -5 - 0. List the prime factors of h*((-9)/15 - 1).
2
Let k = 13 - 6. Let l(t) = -t**2 + 8*t - 7. Let b be l(k). Suppose b = -2*m - 1 + 7. What are the prime factors of m?
3
Suppose 60 = -4*y + 8*y. What are the prime factors of y?
3, 5
Let p = 1 - -5. Suppose n - p*n = -50. What are the prime factors of n?
2, 5
Suppose -8*d - 76 = -10*d. List the prime factors of d.
2, 19
Let c(v) = v**3 + 3*v**2 - 2*v + 4. Let i be c(-3). Suppose -s = -i - 17. What are the prime factors of s?
3
Let w(a) = -a + 2. Let s be w(11). Let q = s + 11. List the prime factors of q.
2
Suppose -5*t + 367 = -8. What are the prime factors of t?
3, 5
Let y(p) = p**3 - 3*p**2 + 2*p - 2. Let v be y(3). Suppose -v*k = -k + 9. List the prime factors of -4*k/6*7.
2, 7
Let m(r) = r**3 + r**2 + 3*r + 2. Let s be m(-2). Let b(c) = -c - 6. List the prime factors of b(s).
2
Suppose -5*z - 305 = -5*p, 5*z - 151 = 4*p - 7*p. What are the prime factors of p?
3, 19
Let a(j) = -14*j**3. What are the prime factors of a(-1)?
2, 7
Let y(g) be the second derivative of -g**3/3 - 3*g**2/2 + 2*g. What are the prime factors of y(-6)?
3
Let t be 8/(1 - (-2)/2). Suppose 5*o + t = 29. Let k = o - 2. List the prime factors of k.
3
Suppose -3*r - 1 = -49. What are the prime factors of r?
2
Suppose -4*k + 5 = -5*b - 7, -3*k + 9 = 2*b. Let m(q) = q + 8. Let l be m(b). Let u(c) = c**2 - 8*c + 11. List the prime factors of u(l).
11
Suppose -5*v + 705 = 5*l, -4*v = -9*v - 4*l + 710. List the prime factors of v.
2, 73
Suppose -6*a + a + 75 = 0. Suppose 2*f - 3*f = -a. Suppose -n + f = 6. What are the prime factors of n?
3
Let n(b) = -b**2 + 6*b - 2. Let m = -9 - -15. Let o be n(m). Let k = 20 - o. What are the prime factors of k?
2, 11
Suppose -3*o - 4*i = -25, 1 = -5*o + 5*i - 4. What are the prime factors of o?
3
Suppose 0 = -5*c + 2*c + 9. List the prime factors of (c - -8 - 2) + 1.
2, 5
Suppose -4*d + 5*d - 2 = 0. Suppose 4 = d*i, 4*i + 0*i + 49 = 3*r. What are the prime factors of r?
19
Let w = 1 - -3. Suppose -68 = -5*n + c, -w*n - 5*c = -98 + 32. List the prime factors of -2*(n/(-4) - 2).
11
Let h be (-6)/(-10)*1*25. Suppose -c - 5 = 5*g, -3*g + 8*g + h = c. Suppose c*x = -4*s + 62, s = -s - 4. List the prime factors of x.
2, 7
Let l(q) be the third derivative of q**5/60 + q**4/12 + q**3/2 - 3*q**2. List the prime factors of l(-3).
2, 3
Suppose -5*j - 41 = 3*p, 37 = -p - 0*p + 3*j. Let l = 1 + 0. List the prime factors of 1/(-2)*p*l.
11
Suppose 0*c - 12 = -4*c. Suppose -25 - 32 = -c*l. List the prime factors of l.
19
Let n = -7 - -11. Let s be 75/n + 2/8. Suppose -w = w - y - s, 4*w = y + 41. What are the prime factors of w?
11
Suppose 1217 = 12*f + 233. What are the prime factors of f?
2, 41
Suppose -4*i = -8 - 12. Let s(h) = -h**3 + 5*h**2 + 3*h + 1. List the prime factors of s(i).
2
Let i = 324 + -231. List the prime factors of i.
3, 31
Let n = -39 - -12. Let r be (n - 0)/(9/(-6)). Suppose a - r = -3. What are the prime factors of a?
3, 5
Suppose 5*s - 94 = 31. List the prime factors of s.
5
Let i(y) = y**2 - 4*y. Let v be i(5). Suppose v*w = -2 + 52. Let o = -4 + w. List the prime factors of o.
2, 3
Let o(s) be the first derivative of s**4/12 - s**3 + 2*s**2 - 2*s + 3. Let u(l) be the first derivative of o(l). What are the prime factors of u(6)?
2
Let y(k) = -k**2 - 6*k + 2. Let n be y(-7). List the prime factors of 4*1*(-3 - n).
2
Suppose 0 = -3*z + q - 16, -3*q + 6*q - 28 = 4*z. Let s be (-6)/(-4)*z/(-3). Suppose s*b + 2*n + 1 = 3, -b - 7 = 5*n. What are the prime factors of b?
3
Suppose -4*f - 5*s = -0*f - 129, 0 = -5*f + 5*s + 195. Let q = 74 - f. List the prime factors of q.
2, 19
Let t = -4 + 2. Let u = -6 - t. Let d(j) = j**3 + 3*j**2 - 6*j - 4. List the prime factors of d(u).
2
Let x(j) = j**3 - 5*j**2 + 13*j - 19. What are the prime factors of x(7)?
2, 5, 17
Suppose 3*x = 2*s + 22, 5*s - 3 + 28 = 0. Suppose f = n - 31, 8*n - 154 = 3*n + x*f. What are the prime factors of n?
2, 3, 5
Let m(i) = i**3 - i**2. Let b be m(-1). What are the prime factors of (-7 - -5)*11/b?
11
Let m(o) = -3*o - 3. Let b be m(-2). Suppose -g - 165 = -5*x - b, 5*x = 2*g + 159. List the prime factors of x.
3, 11
Let m(w) = -w**2 - 2*w + 39. Let d be -9 + 5 + 4/1. List the prime factors of m(d).
3, 13
What are the prime factors of (-1*1 + (14 - -16))*4?
2, 29
Let q be (-6)/(-4)*28/6. Let x = q - 10. Let u = 0 - x. List the prime factors of u.
3
Suppose -5*u - 50 = -0*u. What are the prime factors of u/4*(-32)/20?
2
Let i be (7/14)/((-1)/(-34)). Let b = 37 - i. List the prime factors of b.
2, 5
Suppose 2*n + 2*n + 5*x = 16, 4*n - x = 16. Suppose g = 3*d - 28, -5*d + 0*g + n*g + 35 = 0. What are the prime factors of d?
11
Let x(n) be the third derivative of -n**5/60 - 5*n**4/24 - n**3/3 + n**2. Let g(z) = -z**3 + 3*z**2 + 4*z - 3. Let k be g(4). List the prime factors of x(k).
2
Let l(s) = 3*s - 5. Let b(d) = 2*d. Let a be b(2). List the prime factors of l(a).
7
Suppose 0 = 4*q + 3*a - a - 6, 4*a + 8 = -3*q. Suppose -q*o + 241 = 49. Suppose -5*u - 13 + o = 0. List the prime factors of u.
7
Suppose 4*r + q = 0, 4*r = -r - 3*q - 7. Let k be (-6)/4*r*-10. List the prime factors of ((-24)/k)/((-1)/5).
2
Suppose -28 + 9 = -s. Let n = s - 27. Let w = n + 12. List the prime factors of w.
2
Let p = -33 + 20. Let a = 28 + p. What are the prime factors of a?
3, 5
Let o(k) = k + 8. Let u = -14 + 8. Let i be o(u). Suppose -2*g = -3*w + 16, 2*g + 0 = -4*w - i. What are the prime factors of w?
2
Suppose -v - 4*v + 40 = 0. Let k = 48 - v. Suppose -k = 3*w - 7*w - 3*q, 50 = 5*w - q. List the prime factors of w.
2, 5
Suppose 6*l - 1498 = -484. List the prime factors of l.
13
Let u be -5 + 1/((-3)/(-6)). Let l = -1 + 11. Let h = l + u. List the prime factors of h.
7
Let t = -2 + 2. Let r be (-1)/(2 + 23/(-11)). List the prime factors of (t + r)/(-2 - -3).
11
Let r(m) = 76*m. Let j be r(3). Suppose j = 7*g - g. What are the prime factors of g?
2, 19
Let r(l) = -7*l + 3. Let a be r(-7). Let m = a + -22. List the prime factors of m.
2, 3, 5
Let o = 3 + -1. Suppose -2*h - 4 = -4*p, 6 = o*h - h + 2*p. Suppose -3*j = -m - 17, 5*m + 15 = 3*j + h*m. List the prime factors of j.
2, 3
Let f = 310 - 198. Suppose 3*g = 5*u + 8*g - 160, 0 = 3*u - 5*g - f. Suppose -84 = -4*l + 4*p, 4*l + 2*p - 26 - u = 0. List the prime factors of l.
17
Suppose 0*m + 8 = 2*m. Suppose 6*f - 2*f - 4*v = -m, -v = 0. Let h = 6 - f. List the prime factors of h.
7
Let j be 22/8 - (-15)/(-20). Suppose -2*i - 5*n + 40 = 0, j*i + 5*n = 3*n + 28. Let k = i + 0. What are the prime factors of k?
2, 5
Let g = 1 + 1. Let x = -35 + 65. Suppose -g*s + x = s. What are the prime factors of s?
2, 5
Suppose -98 + 463 = 5*l. List the prime factors of l.
73
Let z(k) = k**2 - 6*k + 2. Let l be z(7). List the prime factors of 120/l - (-3)/(-9).
13
Suppose 0 = 3*a + 2*a - 15. Suppose 4*d = -l - a, 5*l + 2*d - 57 = -0*d. What are the prime factors of l?
13
Suppose -280*g + 276*g + 132 = 0. What are the prime factors of g?
3, 11
Suppose -3*f - 3 = m + m, 15 = 2*m - 3*f. Suppose 4*o = 4*h + m*o - 109, 124 = 4*h - 4*o. Let s = h + -14. What are the prime factors of s?
2, 3
Suppose 0 = -2*f - 4*n + 8, -n + 6*n = 4*f - 68. Suppose h + 3 = f. List the prime factors of h.
3
Suppose -5 + 23 = j. Suppose y + j = 2*y. List the prime factors of y.
2, 3
Suppose -15*n + 34 = -14*n. What are the prime factors of n?
2, 17
Let g(n) = n + 4. Let y be g(0). Suppose -y*d + 3*d = -120. Suppose 5*x + 15 - d = 0. What are the prime factors of x?
3, 7
Suppose -y + 3*y = 6. Let w = y - 0. Suppose 0*i = w*i - 36. List the prime factors of i.
2, 3
Suppose 2*a + n = 9, 4*a - 6 = -0*a + 2*n. Suppose 2*y = 5*j - 43, 4*j + a*y - 20 = y. Suppose -j = -5